{"id":24,"date":"2020-05-13T22:42:34","date_gmt":"2020-05-13T22:42:34","guid":{"rendered":"https:\/\/verein-sonnenkraft.ch\/?page_id=24"},"modified":"2023-08-13T00:37:19","modified_gmt":"2023-08-13T00:37:19","slug":"home","status":"publish","type":"page","link":"https:\/\/verein-sonnenkraft.ch\/","title":{"rendered":"Home"},"content":{"rendered":"\n<p><strong>Herzlich Willkommen<\/strong><\/p>\n\n\n\n<div class=\"wp-block-columns is-layout-flex wp-container-core-columns-is-layout-9d6595d7 wp-block-columns-is-layout-flex\">\n<div class=\"wp-block-column is-layout-flow wp-block-column-is-layout-flow\" style=\"flex-basis:50%\">\n<p>Im M\u00e4rz 2022 f\u00fchrten wir mit Jugendsolar von Solafrica und der Energiewendegenossenschaft Bern eine Bauwoche auf dem Neubau der Wohngenossenschaft Langnau im Emmental durch. Neben der Baustelle auf dem Dach setzten sich die Sch\u00fclerinnen und Sch\u00fcler mit Hilfe von Theorie und Experimenten mit den Themen Energienutzung, Energieherkunft und Energiewende auseinander.<\/p>\n\n\n\n<p>Wir projektieren, finanzieren und betreiben Photovoltaikanlagen. Daf\u00fcr bauen wir auf eine langfristige Zusammenarbeit mit unseren Partnern. Bisher arbeiten wir mit den Gemeinden Muttenz und Arlesheim sowie der Stiftung Obesunne in Arlesheim, der Rudolf Steiner Schule Mayenfels in Pratteln, dem Tennisclub M\u00f6hlin, der Wohngenossenschaft Langnau i.E. sowie der SWISS-MOTO-BIKE AG zusammen.<\/p>\n<\/div>\n\n\n\n<div class=\"wp-block-column is-vertically-aligned-center is-layout-flow wp-block-column-is-layout-flow\" style=\"flex-basis:50%\">\n<figure class=\"wp-block-image size-full\"><img fetchpriority=\"high\" decoding=\"async\" width=\"922\" height=\"690\" src=\"https:\/\/verein-sonnenkraft.ch\/wp-content\/uploads\/2023\/08\/ImAngel07.jpg\" alt=\"\" class=\"wp-image-334\" srcset=\"https:\/\/verein-sonnenkraft.ch\/wp-content\/uploads\/2023\/08\/ImAngel07.jpg 922w, https:\/\/verein-sonnenkraft.ch\/wp-content\/uploads\/2023\/08\/ImAngel07-300x225.jpg 300w, https:\/\/verein-sonnenkraft.ch\/wp-content\/uploads\/2023\/08\/ImAngel07-768x575.jpg 768w\" sizes=\"(max-width: 922px) 100vw, 922px\" \/><\/figure>\n<\/div>\n<\/div>\n\n\n\n<div class=\"wp-block-group\"><div class=\"wp-block-group__inner-container is-layout-flow wp-block-group-is-layout-flow\">\n<div class=\"wp-block-columns is-layout-flex wp-container-core-columns-is-layout-9d6595d7 wp-block-columns-is-layout-flex\">\n<div class=\"wp-block-column is-layout-flow wp-block-column-is-layout-flow\" style=\"flex-basis:100%\">\n<p>Nachdem wir bei unseren ersten beiden Anlagen eine kostendeckende Verg\u00fctung durch das Elektrizit\u00e4tswerk der Stadt Z\u00fcrich (ewz) bzw. die KEV erhalten, gehen wir bei den nachfolgenden sowie den k\u00fcnftigen Projekten einen neuen Weg: Anstelle den produzierten Strom extern zu verkaufen, ist es unser Ziel, dem Geb\u00e4udeeigent\u00fcmer den auf seinem Dach produzierten Strom zu attraktiven Konditionen anbieten zu k\u00f6nnen. So erm\u00f6glichen wir, dass der Strom soweit m\u00f6glich vor Ort verwendet wird und nicht unn\u00f6tig durchs Stromnetz geleitet werden muss.<\/p>\n<\/div>\n<\/div>\n<\/div><\/div>\n\n\n\n<p><\/p>\n\n\n\n<p><\/p>\n\n\n\n<p><\/p>\n\n\n\n<p><\/p>\n\n\n\n<p><\/p>\n\n\n\n<p><\/p>\n\n\n\n<p><\/p>\n","protected":false},"excerpt":{"rendered":"<p>Herzlich Willkommen Im M\u00e4rz 2022 f\u00fchrten wir mit Jugendsolar von Solafrica und der Energiewendegenossenschaft Bern eine Bauwoche auf dem Neubau [&hellip;]<\/p>\n","protected":false},"author":1,"featured_media":0,"parent":0,"menu_order":0,"comment_status":"closed","ping_status":"closed","template":"","meta":{"footnotes":""},"class_list":["post-24","page","type-page","status-publish","hentry"],"yoast_head":"<!-- This site is optimized with the Yoast SEO plugin v27.5 - https:\/\/yoast.com\/product\/yoast-seo-wordpress\/ -->\n<title>Home - Verein sonnenkraft<\/title>\n<meta name=\"robots\" content=\"index, follow, max-snippet:-1, max-image-preview:large, max-video-preview:-1\" \/>\n<link rel=\"canonical\" href=\"https:\/\/verein-sonnenkraft.ch\/\" \/>\n<meta property=\"og:locale\" content=\"de_DE\" \/>\n<meta property=\"og:type\" content=\"article\" \/>\n<meta property=\"og:title\" content=\"Home - Verein sonnenkraft\" \/>\n<meta property=\"og:description\" content=\"Herzlich Willkommen Im M\u00e4rz 2022 f\u00fchrten wir mit Jugendsolar von Solafrica und der Energiewendegenossenschaft Bern eine Bauwoche auf dem Neubau [&hellip;]\" \/>\n<meta property=\"og:url\" content=\"https:\/\/verein-sonnenkraft.ch\/\" \/>\n<meta property=\"og:site_name\" content=\"Verein sonnenkraft\" \/>\n<meta property=\"article:modified_time\" content=\"2023-08-13T00:37:19+00:00\" \/>\n<meta property=\"og:image\" content=\"https:\/\/verein-sonnenkraft.ch\/wp-content\/uploads\/2023\/08\/ImAngel07.jpg\" \/>\n<meta name=\"twitter:card\" content=\"summary_large_image\" \/>\n<meta name=\"twitter:label1\" content=\"Gesch\u00e4tzte Lesezeit\" \/>\n\t<meta name=\"twitter:data1\" content=\"2\u00a0Minuten\" \/>\n<script type=\"application\/ld+json\" class=\"yoast-schema-graph\">{\"@context\":\"https:\\\/\\\/schema.org\",\"@graph\":[{\"@type\":\"WebPage\",\"@id\":\"https:\\\/\\\/verein-sonnenkraft.ch\\\/\",\"url\":\"https:\\\/\\\/verein-sonnenkraft.ch\\\/\",\"name\":\"Home - Verein sonnenkraft\",\"isPartOf\":{\"@id\":\"https:\\\/\\\/verein-sonnenkraft.ch\\\/#website\"},\"primaryImageOfPage\":{\"@id\":\"https:\\\/\\\/verein-sonnenkraft.ch\\\/#primaryimage\"},\"image\":{\"@id\":\"https:\\\/\\\/verein-sonnenkraft.ch\\\/#primaryimage\"},\"thumbnailUrl\":\"https:\\\/\\\/verein-sonnenkraft.ch\\\/wp-content\\\/uploads\\\/2023\\\/08\\\/ImAngel07.jpg\",\"datePublished\":\"2020-05-13T22:42:34+00:00\",\"dateModified\":\"2023-08-13T00:37:19+00:00\",\"breadcrumb\":{\"@id\":\"https:\\\/\\\/verein-sonnenkraft.ch\\\/#breadcrumb\"},\"inLanguage\":\"de\",\"potentialAction\":[{\"@type\":\"ReadAction\",\"target\":[\"https:\\\/\\\/verein-sonnenkraft.ch\\\/\"]}]},{\"@type\":\"ImageObject\",\"inLanguage\":\"de\",\"@id\":\"https:\\\/\\\/verein-sonnenkraft.ch\\\/#primaryimage\",\"url\":\"https:\\\/\\\/verein-sonnenkraft.ch\\\/wp-content\\\/uploads\\\/2023\\\/08\\\/ImAngel07.jpg\",\"contentUrl\":\"https:\\\/\\\/verein-sonnenkraft.ch\\\/wp-content\\\/uploads\\\/2023\\\/08\\\/ImAngel07.jpg\",\"width\":922,\"height\":690},{\"@type\":\"BreadcrumbList\",\"@id\":\"https:\\\/\\\/verein-sonnenkraft.ch\\\/#breadcrumb\",\"itemListElement\":[{\"@type\":\"ListItem\",\"position\":1,\"name\":\"Home\",\"item\":\"https:\\\/\\\/verein-sonnenkraft.ch\\\/\"},{\"@type\":\"ListItem\",\"position\":2,\"name\":\"Home\"}]},{\"@type\":\"WebSite\",\"@id\":\"https:\\\/\\\/verein-sonnenkraft.ch\\\/#website\",\"url\":\"https:\\\/\\\/verein-sonnenkraft.ch\\\/\",\"name\":\"Verein sonnenkraft\",\"description\":\"\",\"publisher\":{\"@id\":\"https:\\\/\\\/verein-sonnenkraft.ch\\\/#organization\"},\"potentialAction\":[{\"@type\":\"SearchAction\",\"target\":{\"@type\":\"EntryPoint\",\"urlTemplate\":\"https:\\\/\\\/verein-sonnenkraft.ch\\\/?s={search_term_string}\"},\"query-input\":{\"@type\":\"PropertyValueSpecification\",\"valueRequired\":true,\"valueName\":\"search_term_string\"}}],\"inLanguage\":\"de\"},{\"@type\":\"Organization\",\"@id\":\"https:\\\/\\\/verein-sonnenkraft.ch\\\/#organization\",\"name\":\"Verein Sonnenkraft\",\"url\":\"https:\\\/\\\/verein-sonnenkraft.ch\\\/\",\"logo\":{\"@type\":\"ImageObject\",\"inLanguage\":\"de\",\"@id\":\"https:\\\/\\\/verein-sonnenkraft.ch\\\/#\\\/schema\\\/logo\\\/image\\\/\",\"url\":\"https:\\\/\\\/verein-sonnenkraft.ch\\\/wp-content\\\/uploads\\\/2020\\\/05\\\/cropped-Logo-definitiv_transparent-Andere.png\",\"contentUrl\":\"https:\\\/\\\/verein-sonnenkraft.ch\\\/wp-content\\\/uploads\\\/2020\\\/05\\\/cropped-Logo-definitiv_transparent-Andere.png\",\"width\":150,\"height\":71,\"caption\":\"Verein Sonnenkraft\"},\"image\":{\"@id\":\"https:\\\/\\\/verein-sonnenkraft.ch\\\/#\\\/schema\\\/logo\\\/image\\\/\"}}]}<\/script>\n<!-- \/ Yoast SEO plugin. -->","yoast_head_json":{"title":"Home - Verein sonnenkraft","robots":{"index":"index","follow":"follow","max-snippet":"max-snippet:-1","max-image-preview":"max-image-preview:large","max-video-preview":"max-video-preview:-1"},"canonical":"https:\/\/verein-sonnenkraft.ch\/","og_locale":"de_DE","og_type":"article","og_title":"Home - Verein sonnenkraft","og_description":"Herzlich Willkommen Im M\u00e4rz 2022 f\u00fchrten wir mit Jugendsolar von Solafrica und der Energiewendegenossenschaft Bern eine Bauwoche auf dem Neubau [&hellip;]","og_url":"https:\/\/verein-sonnenkraft.ch\/","og_site_name":"Verein sonnenkraft","article_modified_time":"2023-08-13T00:37:19+00:00","og_image":[{"url":"https:\/\/verein-sonnenkraft.ch\/wp-content\/uploads\/2023\/08\/ImAngel07.jpg","type":"","width":"","height":""}],"twitter_card":"summary_large_image","twitter_misc":{"Gesch\u00e4tzte Lesezeit":"2\u00a0Minuten"},"schema":{"@context":"https:\/\/schema.org","@graph":[{"@type":"WebPage","@id":"https:\/\/verein-sonnenkraft.ch\/","url":"https:\/\/verein-sonnenkraft.ch\/","name":"Home - Verein sonnenkraft","isPartOf":{"@id":"https:\/\/verein-sonnenkraft.ch\/#website"},"primaryImageOfPage":{"@id":"https:\/\/verein-sonnenkraft.ch\/#primaryimage"},"image":{"@id":"https:\/\/verein-sonnenkraft.ch\/#primaryimage"},"thumbnailUrl":"https:\/\/verein-sonnenkraft.ch\/wp-content\/uploads\/2023\/08\/ImAngel07.jpg","datePublished":"2020-05-13T22:42:34+00:00","dateModified":"2023-08-13T00:37:19+00:00","breadcrumb":{"@id":"https:\/\/verein-sonnenkraft.ch\/#breadcrumb"},"inLanguage":"de","potentialAction":[{"@type":"ReadAction","target":["https:\/\/verein-sonnenkraft.ch\/"]}]},{"@type":"ImageObject","inLanguage":"de","@id":"https:\/\/verein-sonnenkraft.ch\/#primaryimage","url":"https:\/\/verein-sonnenkraft.ch\/wp-content\/uploads\/2023\/08\/ImAngel07.jpg","contentUrl":"https:\/\/verein-sonnenkraft.ch\/wp-content\/uploads\/2023\/08\/ImAngel07.jpg","width":922,"height":690},{"@type":"BreadcrumbList","@id":"https:\/\/verein-sonnenkraft.ch\/#breadcrumb","itemListElement":[{"@type":"ListItem","position":1,"name":"Home","item":"https:\/\/verein-sonnenkraft.ch\/"},{"@type":"ListItem","position":2,"name":"Home"}]},{"@type":"WebSite","@id":"https:\/\/verein-sonnenkraft.ch\/#website","url":"https:\/\/verein-sonnenkraft.ch\/","name":"Verein sonnenkraft","description":"","publisher":{"@id":"https:\/\/verein-sonnenkraft.ch\/#organization"},"potentialAction":[{"@type":"SearchAction","target":{"@type":"EntryPoint","urlTemplate":"https:\/\/verein-sonnenkraft.ch\/?s={search_term_string}"},"query-input":{"@type":"PropertyValueSpecification","valueRequired":true,"valueName":"search_term_string"}}],"inLanguage":"de"},{"@type":"Organization","@id":"https:\/\/verein-sonnenkraft.ch\/#organization","name":"Verein Sonnenkraft","url":"https:\/\/verein-sonnenkraft.ch\/","logo":{"@type":"ImageObject","inLanguage":"de","@id":"https:\/\/verein-sonnenkraft.ch\/#\/schema\/logo\/image\/","url":"https:\/\/verein-sonnenkraft.ch\/wp-content\/uploads\/2020\/05\/cropped-Logo-definitiv_transparent-Andere.png","contentUrl":"https:\/\/verein-sonnenkraft.ch\/wp-content\/uploads\/2020\/05\/cropped-Logo-definitiv_transparent-Andere.png","width":150,"height":71,"caption":"Verein Sonnenkraft"},"image":{"@id":"https:\/\/verein-sonnenkraft.ch\/#\/schema\/logo\/image\/"}}]}},"_links":{"self":[{"href":"https:\/\/verein-sonnenkraft.ch\/index.php\/wp-json\/wp\/v2\/pages\/24","targetHints":{"allow":["GET"]}}],"collection":[{"href":"https:\/\/verein-sonnenkraft.ch\/index.php\/wp-json\/wp\/v2\/pages"}],"about":[{"href":"https:\/\/verein-sonnenkraft.ch\/index.php\/wp-json\/wp\/v2\/types\/page"}],"author":[{"embeddable":true,"href":"https:\/\/verein-sonnenkraft.ch\/index.php\/wp-json\/wp\/v2\/users\/1"}],"replies":[{"embeddable":true,"href":"https:\/\/verein-sonnenkraft.ch\/index.php\/wp-json\/wp\/v2\/comments?post=24"}],"version-history":[{"count":22,"href":"https:\/\/verein-sonnenkraft.ch\/index.php\/wp-json\/wp\/v2\/pages\/24\/revisions"}],"predecessor-version":[{"id":391,"href":"https:\/\/verein-sonnenkraft.ch\/index.php\/wp-json\/wp\/v2\/pages\/24\/revisions\/391"}],"wp:attachment":[{"href":"https:\/\/verein-sonnenkraft.ch\/index.php\/wp-json\/wp\/v2\/media?parent=24"}],"curies":[{"name":"wp","href":"https:\/\/api.w.org\/{rel}","templated":true}]}}